-15*i(b) - k(b). Let p = -9 + 19. Let d be (-8)/p*60/(-8). Give g(d).
-5
Let i be 2 - (140/48 + -1). Let p(n) be the third derivative of -1/6*n**3 - 13*n**2 + 0*n - i*n**4 + 0. Give p(1).
-3
Suppose 0 = 16*p - 26*p + 30. Suppose -3*g + 3 = -7*c + 5*c, -c + p = 0. Let j(y) = y**3 - 5*y + 4. Determine j(g).
16
Let z(y) be the third derivative of y**5/30 + 3*y**4/8 - 22*y**3 + 214*y**2. Let t(v) be the first derivative of z(v). Give t(-9).
-27
Suppose -4 - 1 = -o. Suppose 2*b + 26 = o*q, 0 = 5*b - b + 3*q. Let y(r) be the second derivative of -r**3/3 + r**2 - 3*r + 33. What is y(b)?
8
Let i(s) = s**3 + 7*s**2 + 23*s + 15. Let h be i(-7). Let v = h - -141. Let j(z) = z**3 + 7*z**2 + 6*z - 1. Calculate j(v).
19
Let a(p) = -p**3 + 6*p**2 - 6*p - 3. Suppose 223 = 9*b + 43. Suppose -9*u = -5*u - b. Give a(u).
-8
Suppose -5*s - 54 - 59 = 2*o, 0 = s - 3*o + 26. Let u = s - -18. Let d(v) = -7*v + 11. Let a(m) = -10*m + 16. Let z(f) = -5*a(f) + 7*d(f). Determine z(u).
-8
Let y = 278 + -166. Let c be (-96)/(-21) + (-4)/(y/(-12)). Let w(l) = 0*l - 2*l**2 - c - 4*l + 2*l**3 - 3*l**2 - 3*l**3. What is w(-4)?
-5
Let l = 7757 - 7741. Let c(f) = -f**3 + 15*f**2 + 17*f + 2. Give c(l).
18
Let g(u) = 2*u**2 - 8*u - 2. Let b(s) = -34*s - 1660. Let d be b(-49). Give g(d).
22
Let j(h) = -42*h + 2. Let q(f) = -2*f**2 + 218*f + 221. Let c be q(110). What is j(c)?
-40
Let i be 3/66*-2 + (-80)/(-704)*80. Let s(j) = -j**3 + 12*j**2 - 26*j - 23. What is s(i)?
-14
Let s(t) = t**3 + 26*t**2 - 26*t + 32. Let h be s(-27). Let p(d) = -11*d**2 + 1 + h*d - 8*d**2 + 19*d**2 + 2*d**2. What is p(-3)?
4
Let x(p) = -95*p**2 - 159*p**2 - 4 - 5 - 2 + 251*p**2 + 9*p. Calculate x(3).
-11
Let q(j) = 28 - 12 - 3 - 14*j + 15*j - 10. Determine q(12).
15
Let f be 4/6*(-72 - -75). Suppose 0 = 3*p - 7*p + 12. Let i(q) = -1 - 6*q**f - 3*q + 7*q**2 + 2*q - p. Calculate i(3).
2
Let z(o) = -6*o**2 + 26*o**2 + 45*o + 49613 - o**3 - 49620. Determine z(22).
15
Let w(h) be the third derivative of h**6/120 - h**5/15 - 5*h**4/24 + 2*h**3 - 11*h**2 - 4*h + 4. Give w(3).
-12
Let u(v) = -15*v + 14. Let w(j) = -6*j + 6. Let d(p) = -3*u(p) + 7*w(p). What is d(1)?
3
Let i be ((-2808)/(-45))/12 + (-1)/5. Let v(p) = -p**3 - p**2 + 5*p - 8. Determine v(i).
-133
Let z(y) = -6*y + 11. Let o be z(2). Let k(s) = -s. Let h(x) = -2*x. Let j(l) = -3*h(l) + k(l). What is j(o)?
-5
Let v(x) be the third derivative of x**6/120 + x**5/15 - 35*x**4/24 - 7*x**3/2 + 102*x**2 - 13. Determine v(-8).
3
Let m(g) = -g**3 - g**2 + 2*g - 22. Let i = 2306 + -2306. Give m(i).
-22
Let c be (-6)/5 - 21/(2310/88). Let x(k) = 2*k**2 + k - 7. Determine x(c).
-1
Suppose 0 = 19*g - 58 - 18. Let r(p) = -g - p + 20 - 17. Calculate r(5).
-6
Let b(z) be the first derivative of -2*z**3/3 - 2*z**2 - z - 1. Let g(p) = 106*p**2 + 124*p + 15. Let o be g(-1). Give b(o).
-7
Let u = 241 + -239. Let j(p) = 77*p**2 - 150*p**u + 74*p**2. Determine j(1).
1
Suppose -3*t = 5*a - 641, -8*a + 13*a - 665 = 5*t. Suppose -7 = -123*v + a*v. Let y(b) = -12*b + 1. What is y(v)?
13
Let r(g) be the third derivative of -1/12*g**5 - 28*g**2 + 1/120*g**6 - 1/3*g**4 + 4/3*g**3 + 0 + 0*g. Determine r(6).
-4
Suppose 0 = -3*h - 5*l + 55, -13*h = -12*h - l - 5. Let d be (-2)/5*h/(-14)*-7. Let m(n) = 3 - 2*n - 3 + 1 - 2*n**3. Determine m(d).
21
Let q(g) be the second derivative of -3/2*g**2 + 61*g + 2 + 0*g**3 - 5/12*g**4 - 1/20*g**5. Give q(-4).
-19
Let o = -64 + 69. Let s(f) = 124*f + f**2 - 125*f + 32 - 42. Give s(o).
10
Let o(v) be the second derivative of v**6/40 + v**5/60 + v**4/24 - 17*v**3/6 + 14*v. Let x(n) be the second derivative of o(n). Suppose 2*r - 5 = -7. Give x(r).
8
Let v be 0/(1/2*2). Let w(o) be the third derivative of o**6/120 - o**5/60 - o**4/24 + 7*o**3/6 - 2226*o**2 - o. Give w(v).
7
Suppose -18*a = -59 - 157. Let c(f) = 0*f - 5*f + a - 17 + 3*f. What is c(-4)?
3
Let s(x) = -204*x + 1415. Let k be s(7). Let a(j) = 2*j + 16. Give a(k).
-10
Let u = 254 + -251. Let d(t) = 2*t**3 + 2*t**2 + t - 4. Let j(b) = 3*b**3 + 2*b**2 + 3*b - 7. Let c(s) = u*j(s) - 5*d(s). Calculate c(-5).
4
Let l(x) = 13*x + 2*x + 2 + 111*x**2 - 225*x**2 + 115*x**2. Calculate l(-11).
-42
Let u(f) be the second derivative of -f**8/6720 + f**7/360 + f**6/720 - f**5/40 + 39*f**4/4 + 82*f. Let l(q) be the third derivative of u(q). Give l(7).
4
Let h(m) = -m**2 - 128*m - 3498. Let j be h(-88). Let d(y) = 2*y**2 - 44*y + 10. Calculate d(j).
10
Let j(m) = 5*m + 3. Let t(a) = -a**3 + a**2 - 4. Suppose 2*o + 3*o = -14*o. Let g be t(o). Give j(g).
-17
Let c(m) = -7*m**2 + m. Let v = 229 - 209. Let t be 3/((-3)/(-19))*-1. Let z = v + t. Calculate c(z).
-6
Let f be (-182)/44 + 51/374. Let u(y) = -7*y**2 + 4*y. Let z(s) = -s**2 + s. Let o(h) = u(h) - 6*z(h). Calculate o(f).
-8
Let m(y) = y**3 + 5*y**2 + 0*y**3 - 7*y + 1 + 2. Let d(s) = -129*s + 14829. Let q be d(115). Determine m(q).
9
Let f(x) = -991*x + 325*x + 332*x + 10 + 333*x. Suppose -7*v = -2*v - 90. Suppose 4*n - 22 = -3*s, s - n = 3*s - v. Calculate f(s).
0
Let z(u) be the first derivative of -2*u**3/3 - u**2 + 3*u + 4. Suppose 6*x + 41 + 7 = 0. Let n(f) = 3*f + 21. Let s be n(x). Determine z(s).
-9
Let v(a) = 6*a**3 + a**2 - 4*a**3 - a**3 - 1. Let t(f) = -6*f**3 - 13*f**2 + 2*f + 12. Let m(g) = -t(g) - 5*v(g). Let d = 166252 - 166260. Give m(d).
9
Let k(b) be the first derivative of b**4/4 + b**3/3 - 3*b**2/2 - b - 7151. Let t = 0 + -2. Give k(t).
1
Let u = -13510 + 13510. Let f(l) = -l**2 + 4*l - 7. Let y(v) = v**2 - 3*v + 7. Let x(k) = -4*f(k) - 5*y(k). Calculate x(u).
-7
Let b(i) = 0*i**2 - i - 13207 - i**2 + 13207 - 2*i. Let m(w) = w**2 + 3*w + 3. Let u be m(-4). Let r = 2 - u. Calculate b(r).
-10
Suppose q + 64 = -9*g + 4*g, 4*g - 2*q = -40. Let t(u) = 3*u**3 - 1066 - 2*u**3 + 0*u**2 + 1057 + 19*u + 13*u**2 - 8*u. Calculate t(g).
3
Let k(g) = -50*g - 5. Let t(b) = 95*b + 9. Let s(z) = 9*k(z) + 5*t(z). Give s(1).
25
Let f(x) = -2*x + 14*x + 9*x**2 - 4*x - 3*x**3 + 16*x + 2*x**3 - 21. Calculate f(11).
1
Let t(n) = 4*n**2 - 71 + 141*n - 129*n - 3*n**2 + 70. Calculate t(-8).
-33
Let b = 32 + -36. Let r(d) be the third derivative of -1/60*d**5 - 1/6*d**3 + 7*d**2 + 0 - 1/8*d**4 + 0*d. Give r(b).
-5
Let j(a) = -38*a - 71. Let o be j(-5). Suppose -18*s + s = -o. Let l(d) = -d**2 + 10*d + 3. Give l(s).
24
Let t(z) = -z**2 + 4*z - 1. Let s be ((-8)/5 - -2)*10. Suppose -s*r = 0, 4*y = 4*r + 7 + 5. What is t(y)?
2
Suppose -49 = -4*h + 263. Let d(m) = h*m + 85*m - 175*m. Let u = 5 - 4. Determine d(u).
-12
Suppose 3*y - 9 = -0. Let p(t) = 8*t - 23. Let u be p(y). Let z(m) = 8*m**3 + m**2 - m. Calculate z(u).
8
Let f(o) = o - 3. Let i(w) = -w - 21. Let d be i(-16). Let z be 3/((-2)/10*d). Suppose t + 2*a = a - 9, 3*a - z = 2*t. What is f(t)?
-9
Let r(v) = -v**2 + v + 1. Suppose 64 - 3 = y. Let m = y - 46. Suppose -4 = g + n - 1, -m = 2*g + 5*n. Give r(g).
1
Let i(h) = -13*h + 167. Let z(g) = g + 10. Let k(q) = -i(q) - 6*z(q). What is k(31)?
-10
Let q(d) be the first derivative of 111 - 9/2*d**2 - 2*d + 3*d**3 - 1/4*d**4. Determine q(8).
-10
Let j(m) = m - 4. Let p be 6/(-9)*3 - -12. Suppose 0 = 3*x - 5*u + 18, 0 = -2*x + p*u - 12. Determine j(x).
-10
Let m(b) = -b + 1. Let p(g) = -3*g - 16. Let k be p(-6). Suppose -k*d + 2*t = -4, 3*d + t = -d + 3. Let o = -2 + d. What is m(o)?
2
Let r(v) = 6*v + 85. Let x(f) = 6*f**2 + 346*f - 129. Let p be x(-58). Give r(p).
7
Let v(o) = -6*o. Let c be 13*(1 + -12) + 40/8. Let h = c + 136. Determine v(h).
12
Suppose 0 = m + t - 2*t + 73, t = -2*m - 161. Let u = m - -79. Let k(p) = u - 5*p**2 - 5*p + 4*p**2 - p. Determine k(-5).
6
Suppose 16*c - 8*c = -17*c. Suppose -3*m + c*m + 15 = 0, 15 = 4*a - m. Let y(k) = k**2 - 7*k + 2. Calculate y(a).
-8
Let y(t) = 9 - 2*t + 0*t + 7*t**2 - 4*t**3 - 2*t - 6*t**2. Let s(k) = k**3 + k - 2. Let c(o) = -9*s(o) - 2*y(o). Let v = 12 + -14. What is c(v)?
2
Let l(s) = s**2 - 35*s + 255. Let a be l(10). Suppose f = 5*f + r + 7, -r = 2*f + 5. Let n be ((-2)/(-2)*f)/(a/(-10)). Let b(o) = o - 2. Determine b(n).
0
Let x = 2158 + -2153. Let r(i) = 8*i + 11. Give r(x).
51
Let q = -3262 - -3271. Let a(i) = i**3 - 10*i**2 + 12*i - 32. Give a(q).
-5
Let v(s) be the first derivative of 5*s - 81 - 1/3*s**3 + 1/2*s**2. Determine v(-5).
-25
Let f(v) = 5*v + 75 + 30 - 2*v**2 - 111. What is f(